{"id":8459,"date":"2023-09-04T16:04:13","date_gmt":"2023-09-04T14:04:13","guid":{"rendered":"https:\/\/vogelsberg-blog.de\/blog\/?page_id=8459"},"modified":"2023-09-09T10:48:15","modified_gmt":"2023-09-09T08:48:15","slug":"flipbooks","status":"publish","type":"page","link":"https:\/\/vogelsberg-blog.de\/blog\/flipbooks\/","title":{"rendered":"Flipbooks"},"content":{"rendered":"\t\t<div data-elementor-type=\"wp-page\" data-elementor-id=\"8459\" class=\"elementor elementor-8459\" data-elementor-post-type=\"page\">\n\t\t\t\t<div class=\"elementor-element elementor-element-ec6f4df e-flex e-con-boxed e-con e-parent\" data-id=\"ec6f4df\" data-element_type=\"container\" data-e-type=\"container\" data-settings=\"{&quot;background_background&quot;:&quot;classic&quot;}\">\n\t\t\t\t\t<div class=\"e-con-inner\">\n\t\t<div class=\"elementor-element elementor-element-eae1592 e-flex e-con-boxed e-con e-parent\" data-id=\"eae1592\" data-element_type=\"container\" data-e-type=\"container\" data-settings=\"{&quot;background_background&quot;:&quot;classic&quot;}\">\n\t\t\t\t\t<div class=\"e-con-inner\">\n\t\t\t\t<div class=\"elementor-element elementor-element-12a4d01 elementor-widget elementor-widget-heading\" data-id=\"12a4d01\" data-element_type=\"widget\" data-e-type=\"widget\" data-widget_type=\"heading.default\">\n\t\t\t\t<div class=\"elementor-widget-container\">\n\t\t\t\t\t<span id=12a4d01><\/span><h2 class=\"elementor-heading-title elementor-size-default\">Unsere Flipbooks aus dem Vogelsberg<\/h2>\t\t\t\t<\/div>\n\t\t\t\t<\/div>\n\t\t\t\t<div class=\"elementor-element elementor-element-03dde24 elementor-widget elementor-widget-text-editor\" data-id=\"03dde24\" data-element_type=\"widget\" data-e-type=\"widget\" data-widget_type=\"text-editor.default\">\n\t\t\t\t<div class=\"elementor-widget-container\">\n\t\t\t\t\t<span id=03dde24><\/span>\t\t\t\t<p>Flipbook das moderne eMagazin zum online durchbl\u00e4ttern. Es macht einfach Spa\u00df unsere Fototouren wie in einem Fotobuch zum durchbl\u00e4ttern darzustellen.\u00a0<br \/>Schalte mit dem 4-Pfeilen-Button im Men\u00fc unten rechts in die Browser Vollanisicht, und Swipe mit dem Fingern (Touchpad) oder mit den Pfeilen durch das Flipbook.<\/p>\t\t\t\t\t\t\t\t<\/div>\n\t\t\t\t<\/div>\n\t\t\t\t\t<\/div>\n\t\t\t\t<\/div>\n\t\t\t\t\t<\/div>\n\t\t\t\t<\/div>\n\t\t<div class=\"elementor-element elementor-element-e8c913f e-flex e-con-boxed e-con e-parent\" data-id=\"e8c913f\" data-element_type=\"container\" data-e-type=\"container\">\n\t\t\t\t\t<div class=\"e-con-inner\">\n\t\t\t\t<div class=\"elementor-element elementor-element-f9086d7 elementor-widget elementor-widget-shortcode\" data-id=\"f9086d7\" data-element_type=\"widget\" data-e-type=\"widget\" data-widget_type=\"shortcode.default\">\n\t\t\t\t<div class=\"elementor-widget-container\">\n\t\t\t\t\t<span id=f9086d7><\/span>\t\t<div class=\"elementor-shortcode\">\r\n<!--change the width and height value as you want.--> \r\n<!-- Do change \"index.htm\" to your real html name of the flippingbook--> \r\n<iframe  style=\"width:100%;height:450px\"  src=\"\/\/vogelsberg-blog.de\/blog\/wp-content\/uploads\/flipbook\/3\/flipBook.html\"  seamless=\"seamless\" scrolling=\"no\" frameborder=\"0\" allowtransparency=\"true\" allowfullscreen mozallowfullscreen  webkitallowfullscreen ><\/iframe>\r\n<\/div>\n\t\t\t\t\t\t<\/div>\n\t\t\t\t<\/div>\n\t\t\t\t<div class=\"elementor-element elementor-element-f1fbe5b elementor-align-center elementor-widget elementor-widget-button\" data-id=\"f1fbe5b\" data-element_type=\"widget\" data-e-type=\"widget\" data-widget_type=\"button.default\">\n\t\t\t\t<div class=\"elementor-widget-container\">\n\t\t\t\t\t<span id=f1fbe5b><\/span>\t\t\t\t<div class=\"elementor-button-wrapper\">\n\t\t\t\t\t<a class=\"elementor-button elementor-button-link elementor-size-sm\" href=\"https:\/\/vogelsberg-blog.de\/blog\/wp-content\/uploads\/flipbook\/3\/flipBook.html\" target=\"_blank\">\n\t\t\t\t\t\t<span class=\"elementor-button-content-wrapper\">\n\t\t\t\t\t\t\t\t\t<span class=\"elementor-button-text\">Hier als Vollbild im Browser anzeigen<\/span>\n\t\t\t\t\t<\/span>\n\t\t\t\t\t<\/a>\n\t\t\t\t<\/div>\n\t\t\t\t\t\t\t\t<\/div>\n\t\t\t\t<\/div>\n\t\t\t\t<div class=\"elementor-element elementor-element-a83a5f5 elementor-widget-divider--view-line elementor-widget elementor-widget-divider\" data-id=\"a83a5f5\" data-element_type=\"widget\" data-e-type=\"widget\" data-widget_type=\"divider.default\">\n\t\t\t\t<div class=\"elementor-widget-container\">\n\t\t\t\t\t<span id=a83a5f5><\/span>\t\t<div class=\"elementor-divider\">\n\t\t\t<span class=\"elementor-divider-separator\">\n\t\t\t\t\t\t<\/span>\n\t\t<\/div>\n\t\t\t\t\t\t<\/div>\n\t\t\t\t<\/div>\n\t\t\t\t\t<\/div>\n\t\t\t\t<\/div>\n\t\t<div class=\"elementor-element elementor-element-5d0e7fc e-flex e-con-boxed e-con e-parent\" data-id=\"5d0e7fc\" data-element_type=\"container\" data-e-type=\"container\">\n\t\t\t\t\t<div class=\"e-con-inner\">\n\t\t\t\t<div class=\"elementor-element elementor-element-ba2d7b9 elementor-widget elementor-widget-spacer\" data-id=\"ba2d7b9\" data-element_type=\"widget\" data-e-type=\"widget\" data-widget_type=\"spacer.default\">\n\t\t\t\t<div class=\"elementor-widget-container\">\n\t\t\t\t\t<span id=ba2d7b9><\/span>\t\t<div class=\"elementor-spacer\">\n\t\t\t<div class=\"elementor-spacer-inner\"><\/div>\n\t\t<\/div>\n\t\t\t\t\t\t<\/div>\n\t\t\t\t<\/div>\n\t\t\t\t\t<\/div>\n\t\t\t\t<\/div>\n\t\t\t\t<\/div>\n\t\t","protected":false},"excerpt":{"rendered":"<p>Unsere Flipbooks aus dem Vogelsberg Flipbook das moderne eMagazin zum online durchbl\u00e4ttern. Es macht einfach Spa\u00df unsere Fototouren wie in einem Fotobuch zum durchbl\u00e4ttern darzustellen. Schalte mit dem 4-Pfeilen-Button im &#8230; <a title=\"Flipbooks\" class=\"read-more\" href=\"https:\/\/vogelsberg-blog.de\/blog\/flipbooks\/\" aria-label=\"Mehr Informationen \u00fcber Flipbooks\">&#8230; weiterlesen<\/a><\/p>\n","protected":false},"author":1,"featured_media":0,"parent":0,"menu_order":0,"comment_status":"closed","ping_status":"closed","template":"elementor_header_footer","meta":{"_uag_custom_page_level_css":"","generate_page_header":"","footnotes":""},"class_list":{"0":"post-8459","1":"page","2":"type-page","3":"status-publish","5":"infinite-scroll-item"},"aioseo_notices":[],"uagb_featured_image_src":{"full":false,"thumbnail":false,"medium":false,"medium_large":false,"large":false,"1536x1536":false,"2048x2048":false,"wp_review_large":false,"wp_review_small":false,"mailpoet_newsletter_max":false},"uagb_author_info":{"display_name":"VB - Admin","author_link":"https:\/\/vogelsberg-blog.de\/blog\/author\/pixelladen\/"},"uagb_comment_info":0,"uagb_excerpt":"Unsere Flipbooks aus dem Vogelsberg Flipbook das moderne eMagazin zum online durchbl\u00e4ttern. Es macht einfach Spa\u00df unsere Fototouren wie in einem Fotobuch zum durchbl\u00e4ttern darzustellen. Schalte mit dem 4-Pfeilen-Button im ... ... weiterlesen","_links":{"self":[{"href":"https:\/\/vogelsberg-blog.de\/blog\/wp-json\/wp\/v2\/pages\/8459","targetHints":{"allow":["GET"]}}],"collection":[{"href":"https:\/\/vogelsberg-blog.de\/blog\/wp-json\/wp\/v2\/pages"}],"about":[{"href":"https:\/\/vogelsberg-blog.de\/blog\/wp-json\/wp\/v2\/types\/page"}],"author":[{"embeddable":true,"href":"https:\/\/vogelsberg-blog.de\/blog\/wp-json\/wp\/v2\/users\/1"}],"replies":[{"embeddable":true,"href":"https:\/\/vogelsberg-blog.de\/blog\/wp-json\/wp\/v2\/comments?post=8459"}],"version-history":[{"count":32,"href":"https:\/\/vogelsberg-blog.de\/blog\/wp-json\/wp\/v2\/pages\/8459\/revisions"}],"predecessor-version":[{"id":8596,"href":"https:\/\/vogelsberg-blog.de\/blog\/wp-json\/wp\/v2\/pages\/8459\/revisions\/8596"}],"wp:attachment":[{"href":"https:\/\/vogelsberg-blog.de\/blog\/wp-json\/wp\/v2\/media?parent=8459"}],"curies":[{"name":"wp","href":"https:\/\/api.w.org\/{rel}","templated":true}]}}